 What is the remainder when g is divided by v?
18
Let m = 94 + 1. Let k = m - 67. Calculate the remainder when 42 is divided by k.
14
Suppose -3*f - 5*y + 10 = -44, -3*f + 5*y = -24. Calculate the remainder when 9266 is divided by f.
10
Suppose -5*g + 70 = -0*g. Let p be 1/(-2)*(69 - 1). Calculate the remainder when (0 - p) + g + -12 is divided by 14.
8
Suppose 0 = i - 118 - 41. Let b(l) = 2*l**2 + 34*l - 88. Calculate the remainder when i is divided by b(-21).
79
Suppose 0 = 5*j - 67 - 38. Calculate the remainder when (10 - (-3 + 1))*(-4 - -6 - -3) is divided by j.
18
What is the remainder when ((-55)/(-1))/(100/680) is divided by 2?
0
Let x(o) = -3*o**2 - 10*o - 14. Let l be x(-4). Let y be (-1)/2 + 8/16 - l. Suppose 18*b = y*b - 40. Calculate the remainder when 16 is divided by b.
6
Let b(w) = 7*w**2 + 30*w + 19. What is the remainder when 1581 is divided by b(-5)?
41
Let w be (-2)/(-10) + (203232/40)/6. Suppose j = -0*j + 43. Calculate the remainder when j is divided by (w/(-308))/(-2 + (-15)/(-8)).
21
Let g be 37/(-13) - (54/13 + -4). Calculate the remainder when (-7 - -6)*g + 123 is divided by 43.
40
What is the remainder when 8040 - (25 - (7 + 4)) is divided by 55?
51
Suppose 0 = -7*p + 186 + 192. Suppose -4*j + 531 = 5*m, 2*m + p = -5*j + 739. Suppose 2*r - j = 5. Calculate the remainder when r is divided by 15.
12
Suppose -8*z - 30 = 58. Let x = z - -15. Suppose -22 = -x*t + 2*l - 4*l, -2*t + 3*l + 31 = 0. What is the remainder when t is divided by 5?
3
Suppose 0*v = -2*v + v. Suppose -2*r + 2*u = 5 - 19, v = 5*r + 3*u - 19. What is the remainder when ((-28)/(-6) - 1)/(4/36) is divided by r?
3
Let k = -1150 + 1154. Suppose d - 67 = -h, k*d + 2*h + 99 = 357. Calculate the remainder when -121*1*-2 + 2 is divided by d.
58
Suppose -3*k = -4*k + 291. Let q = -144 + k. Suppose -273 - q = -7*x. Calculate the remainder when x is divided by 21.
18
Let y(s) = s - 9. Let p be y(5). Let m(z) = -5*z + 26. Let w be m(p). Let i = w + -17. Calculate the remainder when 115 is divided by i.
28
Let d = -9404 - -9541. What is the remainder when 1852 is divided by d?
71
Let x = 12419 - 12314. Calculate the remainder when 554 is divided by x.
29
Suppose 4*f - 17*l = -16*l + 211, 3*f + 5*l = 164. What is the remainder when (f/(-7))/((-1)/7) is divided by 19?
15
Let l(x) = 121*x - 982. Calculate the remainder when 2564 is divided by l(9).
103
Suppose 53*w - 2316 = 41*w. Suppose -d + 9 = -5. Calculate the remainder when w is divided by d.
11
Suppose 2*q - 1834 = 211*k - 215*k, -3*q = -2*k - 2711. What is the remainder when q is divided by 296?
19
Let h be ((-22)/8)/((-11)/5016). Let o be h/(-15) + (-14)/35. What is the remainder when 54 is divided by ((-3)/(-2))/((-18)/o)?
5
Let g = 5 - 1. Suppose 52 = -g*i + 8*i. What is the remainder when i is divided by (-3)/((-1200)/(-32)) + 508/100?
3
Suppose -8*s = -3008 + 688. Let m = 857 + s. What is the remainder when m is divided by 25?
22
Suppose i - 2*g - 3113 = 0, 4*g = -3*i + 10427 - 1018. What is the remainder when i is divided by 16?
7
Let t be (-91)/1 + 5 + -4. Let n be (-4 - -3)/((-3)/t). Let r = -9 - n. What is the remainder when 40 is divided by r?
19
Suppose -2*h - 4*s = -2 - 10, -3*h - 5*s = -19. Suppose -86 - 50 = -h*y. Calculate the remainder when ((-133)/(-2))/(1/2) is divided by y.
14
Let f(b) = 68*b**2 - 139*b + 6. Calculate the remainder when f(3) is divided by 192.
9
Suppose 93*t = 107*t - 154. Calculate the remainder when 317 is divided by t.
9
Suppose 104 = 2*r + 4*w, -5*r + 3*w = -47 - 265. What is the remainder when 145 is divided by -3*r/54*(-234)/15?
41
Calculate the remainder when 549 is divided by (3/(-15)*-179)/(3/15).
12
Let c(q) = -212*q + 1123. What is the remainder when c(5) is divided by 50?
13
Let c be 15*1/6*-2. Let s = -5 - c. Let o(u) = u**3 - u**2 - u + 26. What is the remainder when 75 is divided by o(s)?
23
Let m(g) = 29*g**2 + 25*g + 2. Let h be m(-5). Calculate the remainder when 119 is divided by h/129*30/4.
14
What is the remainder when 341 is divided by (-408)/(-27)*(-648)/(-144)?
1
Suppose -23*o - 32366 + 167491 = 0. What is the remainder when o is divided by 13?
12
Suppose -q + 26 = -2*i, -q = 4*i - 0*i + 46. Let v(c) = -c**2 - 10*c + 45. Calculate the remainder when 42 is divided by v(i).
0
Suppose 142 = 5*i + 12. Suppose -5*t = -3*t - i. What is the remainder when 2050/50 - (1 - 8/(-2)) is divided by t?
10
Suppose -2*s = 12*s - 5652 + 1858. Calculate the remainder when s is divided by 3/(-2) - (-324)/8.
37
Suppose -172*n + 96*n + 78*n - 7706 = 0. What is the remainder when n is divided by 22?
3
Suppose 3*v = -4*q - 12, -3*v = -3*q - 11 + 2. Suppose 5*n + 4*n - 144 = v. What is the remainder when 156 is divided by n?
12
Suppose 2*d + 2938 = -5*t + 306, -t - 3961 = 3*d. Let u be d/(-4) + 7/(-28). Calculate the remainder when 31 is divided by (-2)/(-7) + u/21.
15
Let h(y) = y**2 - 15*y + 14. Let l be h(14). Suppose -s - 4*s = l. Suppose t = 3 - s. Calculate the remainder when 18 is divided by t.
0
Let l = 130 + -105. Suppose -5*k + l = 4*h, -5*k = -0*k - 4*h - 25. Calculate the remainder when 49 is divided by ((-3)/3)/(k/(-90)).
13
Let s = -27 + 27. Suppose 4098 = 6*u - s*u. Suppose 176 - u = -13*t. What is the remainder when t is divided by 5?
4
Let h = 37 - 25. Let b be -4*((-10)/(-28))/(42/(-147)). Suppose 0 = b*v + 5*d - h + 2, -5*d = -5*v + 50. Calculate the remainder when 82 is divided by v.
4
Let d(p) = 3*p**2 + p + 5. Let l be d(5). Suppose 4*f - 4159 = l. Calculate the remainder when f is divided by 28.
25
Let u(b) = -b**3 - 36*b**2 - b + 5. Let j be ((-1)/(-2))/(1/(-74 - -2)). What is the remainder when u(j) is divided by 14?
13
Suppose 5*b = 4*s + 136, 9*s + 84 = 4*b + 12*s. Suppose -10*q + q + 117 = 0. Calculate the remainder when b is divided by q.
11
What is the remainder when (-3)/(45/(-3100)) - 4/6 is divided by (-12)/(-10) - 3560/(-200)?
16
Suppose 5*u + 4266 = 3*z, 0 = 6*z - 7*z - 2*u + 1422. What is the remainder when z is divided by 8?
6
Suppose 14*x - 380 - 1546 = -4*x. Let g = 70 + -50. Calculate the remainder when x is divided by g.
7
Let o(n) = n**3 + 16*n**2 - 26*n - 128. What is the remainder when 4037 is divided by o(-16)?
5
Suppose -1986 = 20*h - 5446. What is the remainder when 502 is divided by h?
156
Let q = -260 - -262. Suppose n + t = 154 + 37, 5*t - 376 = -q*n. What is the remainder when n is divided by 13?
11
Let c be 2 + ((-2 - -4) + -2 - -1051). Suppose 7*i = c + 816. Calculate the remainder when i is divided by 8/(-36) - ((-407)/9 + 0).
42
Suppose -10364 - 1666 = -30*q. Calculate the remainder when q is divided by 23.
10
Let i = -407 + 351. What is the remainder when 9*(-294)/(-16) - (-21)/i is divided by 28?
25
Suppose -492 = -20*j + 1368. Calculate the remainder when j is divided by 36.
21
Suppose 2*y = 5*t + 32, -2*y + 4*t = -10 - 26. Suppose -3*v - 14 = -y. What is the remainder when (1 + -8)*10/(-2) is divided by v?
3
Let l be (-197 + -1)*2/(-4)*1. Suppose d = -17 + 103. What is the remainder when d is divided by (l/15 + -3)/((-1)/(-5))?
14
Suppose 0 = -2*u, -177 - 121 = l - 3*l + 2*u. Suppose x + 58 = 2*h - 77, 4*x + 345 = 5*h. What is the remainder when l is divided by h?
19
Calculate the remainder when (-109*2)/((-1104)/2185 + (-6)/(-15)) is divided by 5.
1
Suppose 2*o = 2*d + 48, 3*d - 151 + 48 = -4*o. Let r = -41 + 70. Calculate the remainder when r is divided by -3 + o*16/20.
12
Suppose -238 = 5*j - 88. Let u = 950 + -1007. Let h = j - u. Calculate the remainder when 106 is divided by h.
25
Suppose -q + 83 = m + 3*q, 4*m + q - 332 = 0. Calculate the remainder when m is divided by 32.
19
Let s = -176 - -78. Let h = s - -260. What is the remainder when h is divided by (615/15)/(1 - 0)?
39
Suppose 0*z + 4*z = 16. Suppose k + z*k = -205. Let j = k - -46. Calculate the remainder when 24 is divided by j.
4
Suppose 603 = -1914*a + 1923*a. Suppose -j + 0*j - 2*d = -33, -4*j = d - 111. Calculate the remainder when a is divided by j.
13
Let b = -10438 + 10557. What is the remainder when b is divided by -2 + (2 - 4) + 67?
56
Suppose 113*s + 1347 = 5*k + 99*s, 4*k + 3*s = 1177. What is the remainder when k is divided by 158?
131
Let g = 151 - 73. Let r(w) = w**2 + 19*w + 131. What is the remainder when g is divided by r(-10)?
37
